19 - -1c?
-5ca
In base 9, what is 78 + -146?
-57
In base 9, what is -684 + -3?
-687
In base 6, what is -1 - -2541?
2540
In base 11, what is 3 + -140?
-138
In base 5, what is 214 - 3?
211
In base 3, what is -102 + -2200?
-10002
In base 2, what is -11011 - 110?
-100001
In base 9, what is -3 + 20?
16
In base 14, what is -87 + 7?
-80
In base 2, what is -111 - -11011001?
11010010
In base 13, what is -5 - -162?
15a
In base 8, what is 5 + -12?
-5
In base 11, what is 4 - -2800?
2804
In base 2, what is 101 - -11010111?
11011100
In base 14, what is 66 - -3?
69
In base 12, what is -366 - -1?
-365
In base 8, what is 11 - 20?
-7
In base 10, what is -5 - 9?
-14
In base 3, what is -2000 - 2002?
-11002
In base 9, what is 2 - -20?
22
In base 3, what is 201010 + -11?
200222
In base 11, what is 176 - -5?
180
In base 15, what is -2 + -45?
-47
In base 2, what is 100011010010 - -10?
100011010100
In base 12, what is 26b5 - -2?
26b7
In base 13, what is -19 - -36?
1a
In base 3, what is 10 - 1201?
-1121
In base 8, what is 3157 - -12?
3171
In base 12, what is -26 + -12?
-38
In base 5, what is -14 + 12?
-2
In base 9, what is -1 - 275?
-276
In base 12, what is 754 + -4?
750
In base 11, what is -15 + -40?
-55
In base 4, what is -13233 - 12?
-13311
In base 11, what is -4 - 63?
-67
In base 12, what is 5 - 91?
-88
In base 8, what is 17450 + 1?
17451
In base 3, what is 2000 - -1?
2001
In base 3, what is 2220 - 2200?
20
In base 3, what is 1211 + 2012?
11000
In base 10, what is 7 + 8?
15
In base 13, what is 30 + 7?
37
In base 13, what is -2 - -a84?
a82
In base 13, what is 4 - 2c?
-28
In base 8, what is -1560 - 0?
-1560
In base 12, what is 1bab - -1?
1bb0
In base 2, what is 111010100 + 101?
111011001
In base 11, what is 2 - -180?
182
In base 16, what is -142 + 3?
-13f
In base 16, what is -65b + -2?
-65d
In base 3, what is -11111001 + 12?
-11110212
In base 8, what is 1 + -3705?
-3704
In base 8, what is -3 + -76?
-101
In base 15, what is -2 - -37?
35
In base 14, what is 1a40 - -3?
1a43
In base 2, what is -1 + 11110?
11101
In base 6, what is -3 + -244?
-251
In base 13, what is 2 + 19?
1b
In base 16, what is -2 - -116?
114
In base 13, what is -5a - 1?
-5b
In base 2, what is -1010101000000 + -100?
-1010101000100
In base 16, what is -160 - 4?
-164
In base 16, what is 0 - -177?
177
In base 9, what is 1581 + 1?
1582
In base 9, what is -7 - 4?
-12
In base 9, what is 4 - -370?
374
In base 7, what is 2 + -5?
-3
In base 13, what is -1 + 55?
54
In base 6, what is 105 + -32?
33
In base 15, what is -e - -bc?
ad
In base 2, what is 110001 + 101111110?
110101111
In base 8, what is 16 - 123?
-105
In base 5, what is -2 - -2112?
2110
In base 15, what is -1e5 - -5?
-1e0
In base 5, what is -14 - -101?
32
In base 10, what is 4 + -189?
-185
In base 5, what is -41 + -2?
-43
In base 8, what is 6 - -1?
7
In base 16, what is 7 + -136?
-12f
In base 12, what is -5 + -46b?
-474
In base 7, what is 2 - 54?
-52
In base 6, what is 12022 - 2?
12020
In base 4, what is -3 - -201313?
201310
In base 5, what is -33 + -2010?
-2043
In base 8, what is 103 + -5?
76
In base 15, what is -3 + a5?
a2
In base 11, what is 11 - -4a?
60
In base 15, what is -66 + -1?
-67
In base 3, what is -2 + 220010?
220001
In base 12, what is -153 - -23?
-130
In base 9, what is 6 + -47?
-41
In base 5, what is -100334 + 3?
-100331
In base 4, what is -11 + 231313?
231302
In base 11, what is 32a + -4?
326
In base 8, what is 4 + 1547?
1553
In base 7, what is -2351 - -4?
-2344
In base 16, what is 4 - 60?
-5c
In base 2, what is -1110110 - 0?
-1110110
In base 13, what is 2 + 4?
6
In base 6, what is 34344 - -1?
34345
In base 9, what is -78 - -2?
-76
In base 9, what is -243 - 1?
-244
In base 16, what is 83 - -11?
94
In base 9, what is -150 + 3?
-146
In base 3, what is 110 - -10011?
10121
In base 2, what is -1010001 + 11?
-1001110
In base 9, what is -4 - -33?
28
In base 13, what is 153 - -1?
154
In base 5, what is -2104 + 4?
-2100
In base 8, what is 627 + -3?
624
In base 12, what is 3 - -18?
1b
In base 14, what is 1 + 26?
27
In base 6, what is -2 - -111?
105
In base 7, what is -42 + -313?
-355
In base 16, what is -db + 15?
-c6
In base 14, what is -3 - 99?
-9c
In base 11, what is -11 - 27?
-38
In base 7, what is 4 + 402?
406
In base 15, what is -1 - 3d?
-3e
In base 10, what is 643 + -1?
642
In base 9, what is 105 - -413?
518
In base 5, what is -14 - -2144?
2130
In base 10, what is 3 - -245?
248
In base 14, what is -3 - 2d6?
-2d9
In base 11, what is 69 - 1?
68
In base 16, what is 0 - 33?
-33
In base 9, what is -5 + -81?
-86
In base 4, what is -3 - 22?
-31
In base 15, what is b27 + 3?
b2a
In base 9, what is -30 + -2?
-32
In base 14, what is 38 - -10?
48
In base 7, what is 2 - 2251?
-2246
In base 13, what is 0 + -34?
-34
In base 3, what is -202 + -121?
-1100
In base 5, what is 2132 + -11?
2121
In base 12, what is 4 + -861?
-859
In base 16, what is 6 + -4?
2
In base 6, what is -4 - 52?
-100
In base 6, what is -11 - -5501?
5450
In base 14, what is 50b + -4?
507
In base 12, what is -4 - 760?
-764
In base 7, what is 23 + 5?
31
In base 4, what is -323201 - -13?
-323122
In base 15, what is c933 + 2?
c935
In base 4, what is -1 + 1121002?
1121001
In base 4, what is 0 - 30123?
-30123
In base 2, what is -11100111 - -100?
-11100011
In base 4, what is 122 + -101?
21
In base 12, what is 5b52 - 5?
5b49
In base 7, what is 104 - 50?
24
In base 16, what is 5 + -8?
-3
In base 12, what is 4 + -4370?
-4368
In base 4, what is -233 + 3?
-230
In base 3, what is -210 + 100?
-110
In base 13, what is 5 - 38?
-33
In base 10, what is 448 - 4?
444
In base 16, what is 10 - -269?
279
In base 6, what is -5 - -3003?
2554
In base 15, what is 9 - 264?
-25a
In base 6, what is -1134 + 1?
-1133
In base 7, what is 2422 + 1?
2423
In base 16, what is -e - -1d?
f
In base 3, what is -11 + 110002?
102221
In base 13, what is -26c + -5?
-274
In base 2, what is -1010110111110 + 0?
-1010110111110
In base 16, what is -2d9 + -4?
-2dd
In base 6, what is -2013 - -30?
-1543
In base 15, what is c + -5a?
-4d
In base 15, what is -13d + 4?
-139
In base 5, what is 14 - 321?
-302
In base 2, what is -1001110 + -100010?
-1110000
In base 3, what is 0 + 221220?
221220
In base 9, what is 0 - 320?
-320
In base 16, what is -b + 80?
75
In base 2, what is -1100 - 1101?
-11001
In base 5, what is 214 + 4043?
4312
In base 16, what is -b9 + 1?
-b8
In base 9, what is -2604 + 1?
-2603
In base 14, what is c3 + -2?
c1
In base 16, what is ec7 + -1?
ec6
In base 5, what is -12 + -3?
-20
In base 2, what is -100 - -1001001011?
1001000111
In base 7, what is -5 - 50?
-55
In base 5, what is 243 - -100?
343
In base 12, what is 59 - -18?
75
In base 7, what is 4601 + -1?
4600
In base 10, what is -5517 - 3?
-5520
In base 6, what is 5 - 1230?
-1221
In base 16, what is -3 + -112?
-115
In base 5, what is 1340 + -4?
1331
In base 12, what is 0 - 109?
-109
In base 7, what is 111 - -106?
220
In base 11, what is 12 - -5?
17
In base 2, what is 101 - -1001?
1110
In base 3, what is -1 + 11120?
11112
In base 4, what is 0 + 2021?
2021
In base 2, what is 11 - 100011101?
-100011010
In base 5, what is -14031 + -2?
-14033
In base 8, what is 4 - -10537?
10543
In base 14, what is -7 - 245?
-24c
In base 7, what is 143 - 0?
143
In base 4, what is 2 + -1201200?
-1201132
In base 16, what is 468 + 1?
469
In base 9, what is -302 - -24?
-267
In base 16, what is 1 - 44?
-43
In base 6, what is -2 - -143?
141
In base 11, what is 178a - 2?
1788
In base 9, what is 7 - 36?
-28
In base 8, what is -405 + 220?
-165
In base 5, what is 223 + 320?
1043
In base 7, what is -2 - 2053?
-2055
In base 13, what is -6b + 3?
-68
In base 2, what is -1 + 1110100?
1110011
In base 10, what is -4439 - 3?
-4442
In base 2, what is 100 + -1101101101?
-1101101001
In base 9, what is -1 + 1715?
1714
In base 13, what is 1 + -c7?
-c6
In base 15, what is 7b - 4?
77
In base 12, what is -108 + 2?
-106
In base 9, what is -2 + -25?
-27
In base 7, what is -36 - 225?
-264
In base 7, what is -4 + -2354?
-2361
In base 16, what is 4c - 3?
49
In base 11, what is 19 + 4?
22
In base 15, what is 0 + 205?
205
In base 3, what is -11 + -11120?
-11201
In base 13, what is -3a3 - 5?
-3a8
In base 5, what is -2042 + -10?
-2102
In base 13, what is 1629 + -5?
1624
In base 3, what is 22120 + -12?
22101
In base 15, what is 4 +